{"id":106,"date":"2015-08-22T10:58:46","date_gmt":"2015-08-22T10:58:46","guid":{"rendered":"http:\/\/dev.awe7.com\/hillter\/?page_id=106"},"modified":"2020-02-13T10:50:56","modified_gmt":"2020-02-13T09:50:56","slug":"contact","status":"publish","type":"page","link":"https:\/\/www.commerce31.com\/new\/contact\/","title":{"rendered":"Contact"},"content":{"rendered":"<p>[vc_row full_width=\u00a0\u00bbstretch_row\u00a0\u00bb parallax=\u00a0\u00bbcontent-moving\u00a0\u00bb parallax_image=\u00a0\u00bb5278&Prime; css=\u00a0\u00bb.vc_custom_1554793194552{padding-top: 150px !important;padding-bottom: 80px !important;}\u00a0\u00bb][vc_column]<div class=\"awe-special-heading text-center\" style=\"color:#ffffff;\"><h2 class=title>Nous contacter<\/h2><div class=\"awe-subheading below\"><p>H\u00f4tel du Commerce<\/p><\/div><\/div>[\/vc_column][\/vc_row][vc_row css=\u00a0\u00bb.vc_custom_1511637498505{margin-bottom: 70px !important;}\u00a0\u00bb][vc_column width=\u00a0\u00bb1\/2&Prime;][vc_single_image image=\u00a0\u00bb5423&Prime; img_size=\u00a0\u00bbfull\u00a0\u00bb][vc_raw_html]JTNDZGl2JTIwY2xhc3MlM0QlMjJjb250YWN0JTIyJTNFJTBBJTA5JTNDdWwlMjBjbGFzcyUzRCUyMnRleHQlMjIlM0UlMEElMDklMjAlMjAlMjAlMjAlM0NsaSUzRSUzQ2klMjBjbGFzcyUzRCUyMmljb24lMjBzb25vcmEtaWNvbi1sb2NhdGlvbiUyMiUzRSUzQyUyRmklM0UlMjAyJTJDJTIwYXZlbnVlJTIwZGUlMjBCb3Vsb2duZSUyMDMxODAwJTIwU2FpbnQtR2F1ZGVucyUzQyUyRmxpJTNFJTBBJTA5JTIwJTIwJTIwJTIwJTNDbGklM0UlM0NpJTIwY2xhc3MlM0QlMjJpY29uJTIwc29ub3JhLWljb24tcGhvbmUlMjIlM0UlM0MlMkZpJTNFJTIwJTNDYSUyMGhyZWYlM0QlMjJ0ZWwlM0EwNTYyMDA5NzAwJTIyJTNFJTJCMzMlMjAlMjgwJTI5NSUyMDYyJTIwMDAlMjA5NyUyMDAwJTNDJTJGYSUzRSUyMCUzQyUyRmxpJTNFJTBBJTNDbGklM0UlM0NpJTIwY2xhc3MlM0QlMjJpY29uJTIwc29ub3JhLWljb24tZmF4JTIyJTNFJTNDJTJGaSUzRSUyMEZheCUyMCUzQSUyMCUyQjMzJTIwJTI4MCUyOTUlMjA2MiUyMDAwJTIwOTclMjAwMSUzQyUyRmxpJTNFJTBBJTA5JTIwJTIwJTIwJTIwJTNDbGklM0UlM0NpJTIwY2xhc3MlM0QlMjJpY29uJTIwZmElMjBmYS1lbnZlbG9wZS1vJTIyJTNFJTNDJTJGaSUzRSUyMCUzQ2ElMjBocmVmJTNEJTIybWFpbHRvJTNBY29udGFjdCU0MGNvbW1lcmNlMzEuY29tJTIyJTNFY29udGFjdCU0MGNvbW1lcmNlMzEuY29tJTNDJTJGYSUzRSUzQyUyRmxpJTNFJTBBJTA5JTNDJTJGdWwlM0UlMEElM0MlMkZkaXYlM0U=[\/vc_raw_html][vc_single_image image=\u00a0\u00bb5282&Prime; img_size=\u00a0\u00bbfull\u00a0\u00bb style=\u00a0\u00bbvc_box_shadow_border\u00a0\u00bb][vc_btn title=\u00a0\u00bbRetrouvez-nous sur Facebook\u00a0\u00bb color=\u00a0\u00bbinverse\u00a0\u00bb i_icon_fontawesome=\u00a0\u00bbfa fa-facebook-square\u00a0\u00bb add_icon=\u00a0\u00bbtrue\u00a0\u00bb link=\u00a0\u00bburl:https%3A%2F%2Fwww.facebook.com%2FLeCommerceSpaSaintGaudens||target:%20_blank|\u00a0\u00bb][vc_column_text size=\u00a0\u00bb0&Prime;]Consultez \u00e9galement sur St-Gaudens<br \/>\n<strong>H\u00f4tel <\/strong><a href=\"http:\/\/www.residencescommerce31.com\" target=\"_blank\" rel=\"noopener\"><strong>www.residencescommerce31.com<\/strong><\/a>[\/vc_column_text][\/vc_column][vc_column width=\u00a0\u00bb1\/2&Prime;][vc_empty_space][vc_column_text size=\u00a0\u00bb0&Prime;]Merci de compl\u00e9ter ce formulaire :[\/vc_column_text]<div role=\"form\" class=\"wpcf7\" id=\"wpcf7-f5262-o1\" lang=\"en-US\" dir=\"ltr\">\n<div class=\"screen-reader-response\"><p role=\"status\" aria-live=\"polite\" aria-atomic=\"true\"><\/p> <ul><\/ul><\/div>\n<form action=\"\/new\/wp-json\/wp\/v2\/pages\/106#wpcf7-f5262-o1\" method=\"post\" class=\"wpcf7-form init\" novalidate=\"novalidate\" data-status=\"init\">\n<div style=\"display: none;\">\n<input type=\"hidden\" name=\"_wpcf7\" value=\"5262\" \/>\n<input type=\"hidden\" name=\"_wpcf7_version\" value=\"5.5.4\" \/>\n<input type=\"hidden\" name=\"_wpcf7_locale\" value=\"en_US\" \/>\n<input type=\"hidden\" name=\"_wpcf7_unit_tag\" value=\"wpcf7-f5262-o1\" \/>\n<input type=\"hidden\" name=\"_wpcf7_container_post\" value=\"0\" \/>\n<input type=\"hidden\" name=\"_wpcf7_posted_data_hash\" value=\"\" \/>\n<\/div>\n<div class=\"contact-form\">\n<div class=\"row\">\n<div class=\"col-sm-6\">\n\t\t<span class=\"wpcf7-form-control-wrap text-115\"><input type=\"text\" name=\"text-115\" value=\"\" size=\"40\" class=\"wpcf7-form-control wpcf7-text wpcf7-validates-as-required field-text\" aria-required=\"true\" aria-invalid=\"false\" placeholder=\"Nom*\" \/><\/span>\n\t\t<\/div>\n<div class=\"col-sm-6\">\n\t\t<span class=\"wpcf7-form-control-wrap text-485\"><input type=\"text\" name=\"text-485\" value=\"\" size=\"40\" class=\"wpcf7-form-control wpcf7-text wpcf7-validates-as-required field-text\" aria-required=\"true\" aria-invalid=\"false\" placeholder=\"Pr\u00e9nom*\" \/><\/span>\n\t\t<\/div>\n<div class=\"col-sm-6\">\n<span class=\"wpcf7-form-control-wrap text-417\"><input type=\"text\" name=\"text-417\" value=\"\" size=\"40\" class=\"wpcf7-form-control wpcf7-text field-text\" aria-invalid=\"false\" placeholder=\"T\u00e9l\u00e9phone\" \/><\/span>\n\t\t<\/div>\n<div class=\"col-sm-6\">\n\t\t\t<span class=\"wpcf7-form-control-wrap text-406\"><input type=\"text\" name=\"text-406\" value=\"\" size=\"40\" class=\"wpcf7-form-control wpcf7-text wpcf7-validates-as-required field-text\" aria-required=\"true\" aria-invalid=\"false\" placeholder=\"Email*\" \/><\/span>\n\t\t<\/div>\n<div class=\"col-sm-12\">\n\t\t\t<span class=\"wpcf7-form-control-wrap text-878\"><input type=\"text\" name=\"text-878\" value=\"\" size=\"40\" class=\"wpcf7-form-control wpcf7-text field-text\" aria-invalid=\"false\" placeholder=\"Sujet\" \/><\/span>\n\t\t<\/div>\n<div class=\"col-sm-12\">\n\t\t\t<span class=\"wpcf7-form-control-wrap textarea-331\"><textarea name=\"textarea-331\" cols=\"40\" rows=\"10\" class=\"wpcf7-form-control wpcf7-textarea wpcf7-validates-as-required field-textarea\" aria-required=\"true\" aria-invalid=\"false\" placeholder=\"Votre message*\"><\/textarea><\/span>\n\t\t<\/div>\n<div class=\"col-sm-6\">\n\t\t\t<input type=\"submit\" value=\"Envoyer\" class=\"wpcf7-form-control has-spinner wpcf7-submit awe-btn awe-btn-default\" \/>\n\t\t<\/div>\n<\/div>\n<\/div>\n<p>* Champs obligatoires<\/p>\n<p style=\"display: none !important;\"><label>&#916;<textarea name=\"_wpcf7_ak_hp_textarea\" cols=\"45\" rows=\"8\" maxlength=\"100\"><\/textarea><\/label><input type=\"hidden\" id=\"ak_js\" name=\"_wpcf7_ak_js\" value=\"48\"\/><script>document.getElementById( \"ak_js\" ).setAttribute( \"value\", ( new Date() ).getTime() );<\/script><\/p><div class=\"wpcf7-response-output\" aria-hidden=\"true\"><\/div><\/form><\/div>[vc_column_text size=\u00a0\u00bb0&Prime;]<em>En soumettant ce formulaire, j&rsquo;accepte que les informations saisies soient exploit\u00e9es dans le cadre de la demande de devis et de la relation commerciale qui peut en d\u00e9couler.<\/em><\/p>\n<p><a href=\"https:\/\/www.commerce31.com\/new\/mentions-legales\/\">Mentions l\u00e9gales<\/a> <a href=\"https:\/\/www.commerce31.com\/new\/politique-de-confidentialite\/\">Politique de confidentialit\u00e9 et gestion des cookies<\/a>[\/vc_column_text][\/vc_column][\/vc_row][vc_row equal_height=\u00a0\u00bbyes\u00a0\u00bb enable_overlay=\u00a0\u00bb\u00a0\u00bb][vc_column][vc_column_text size=\u00a0\u00bb0&Prime;]<div class=\"video\"><span class=\"embed-responsive embed-responsive-16by9\"><iframe loading=\"lazy\" style=\"border: 0;\" src=\"https:\/\/www.google.com\/maps\/embed?pb=!1m14!1m8!1m3!1d2912.743397077263!2d0.7212694481323334!3d43.10990724230051!3m2!1i1024!2i768!4f13.1!3m3!1m2!1s0x0%3A0x1642d37106e2937a!2sH%C3%B4tel+du+Commerce+Saint-Gaudens!5e0!3m2!1sfr!2sfr!4v1556474071538!5m2!1sfr!2sfr\" width=\"1600\" height=\"300\" frameborder=\"0\" allowfullscreen=\"allowfullscreen\"><\/iframe><\/span><\/div>[\/vc_column_text][\/vc_column][\/vc_row]<\/p>\n","protected":false},"excerpt":{"rendered":"<p>[vc_row full_width=\u00a0\u00bbstretch_row\u00a0\u00bb parallax=\u00a0\u00bbcontent-moving\u00a0\u00bb parallax_image=\u00a0\u00bb5278&Prime; css=\u00a0\u00bb.vc_custom_1554793194552{padding-top: 150px !important;padding-bottom: 80px !important;}\u00a0\u00bb][vc_column][\/vc_column][\/vc_row][vc_row css=\u00a0\u00bb.vc_custom_1511637498505{margin-bottom: 70px !important;}\u00a0\u00bb][vc_column width=\u00a0\u00bb1\/2&Prime;][vc_single_image image=\u00a0\u00bb5423&Prime; img_size=\u00a0\u00bbfull\u00a0\u00bb][vc_raw_html]JTNDZGl2JTIwY2xhc3MlM0QlMjJjb250YWN0JTIyJTNFJTBBJTA5JTNDdWwlMjBjbGFzcyUzRCUyMnRleHQlMjIlM0UlMEElMDklMjAlMjAlMjAlMjAlM0NsaSUzRSUzQ2klMjBjbGFzcyUzRCUyMmljb24lMjBzb25vcmEtaWNvbi1sb2NhdGlvbiUyMiUzRSUzQyUyRmklM0UlMjAyJTJDJTIwYXZlbnVlJTIwZGUlMjBCb3Vsb2duZSUyMDMxODAwJTIwU2FpbnQtR2F1ZGVucyUzQyUyRmxpJTNFJTBBJTA5JTIwJTIwJTIwJTIwJTNDbGklM0UlM0NpJTIwY2xhc3MlM0QlMjJpY29uJTIwc29ub3JhLWljb24tcGhvbmUlMjIlM0UlM0MlMkZpJTNFJTIwJTNDYSUyMGhyZWYlM0QlMjJ0ZWwlM0EwNTYyMDA5NzAwJTIyJTNFJTJCMzMlMjAlMjgwJTI5NSUyMDYyJTIwMDAlMjA5NyUyMDAwJTNDJTJGYSUzRSUyMCUzQyUyRmxpJTNFJTBBJTNDbGklM0UlM0NpJTIwY2xhc3MlM0QlMjJpY29uJTIwc29ub3JhLWljb24tZmF4JTIyJTNFJTNDJTJGaSUzRSUyMEZheCUyMCUzQSUyMCUyQjMzJTIwJTI4MCUyOTUlMjA2MiUyMDAwJTIwOTclMjAwMSUzQyUyRmxpJTNFJTBBJTA5JTIwJTIwJTIwJTIwJTNDbGklM0UlM0NpJTIwY2xhc3MlM0QlMjJpY29uJTIwZmElMjBmYS1lbnZlbG9wZS1vJTIyJTNFJTNDJTJGaSUzRSUyMCUzQ2ElMjBocmVmJTNEJTIybWFpbHRvJTNBY29udGFjdCU0MGNvbW1lcmNlMzEuY29tJTIyJTNFY29udGFjdCU0MGNvbW1lcmNlMzEuY29tJTNDJTJGYSUzRSUzQyUyRmxpJTNFJTBBJTA5JTNDJTJGdWwlM0UlMEElM0MlMkZkaXYlM0U=[\/vc_raw_html][vc_single_image image=\u00a0\u00bb5282&Prime; img_size=\u00a0\u00bbfull\u00a0\u00bb style=\u00a0\u00bbvc_box_shadow_border\u00a0\u00bb][vc_btn title=\u00a0\u00bbRetrouvez-nous sur Facebook\u00a0\u00bb color=\u00a0\u00bbinverse\u00a0\u00bb i_icon_fontawesome=\u00a0\u00bbfa fa-facebook-square\u00a0\u00bb add_icon=\u00a0\u00bbtrue\u00a0\u00bb link=\u00a0\u00bburl:https%3A%2F%2Fwww.facebook.com%2FLeCommerceSpaSaintGaudens||target:%20_blank|\u00a0\u00bb][vc_column_text size=\u00a0\u00bb0&Prime;]Consultez \u00e9galement sur St-Gaudens H\u00f4tel www.residencescommerce31.com[\/vc_column_text][\/vc_column][vc_column width=\u00a0\u00bb1\/2&Prime;][vc_empty_space][vc_column_text size=\u00a0\u00bb0&Prime;]Merci de compl\u00e9ter ce formulaire :[\/vc_column_text][vc_column_text size=\u00a0\u00bb0&Prime;]En soumettant ce formulaire, j&rsquo;accepte que les informations saisies soient exploit\u00e9es dans le cadre de la&#8230;<\/p>\n","protected":false},"author":2,"featured_media":5282,"parent":0,"menu_order":0,"comment_status":"closed","ping_status":"closed","template":"","meta":[],"yoast_head":"<!-- This site is optimized with the Yoast SEO plugin v17.2.1 - https:\/\/yoast.com\/wordpress\/plugins\/seo\/ -->\n<title>Contact - Hotel du Commerce Restaurant Hotel Saint Gaudens Hotel Pyr\u00e9n\u00e9es<\/title>\n<meta name=\"description\" content=\"L\u2019h\u00f4tel du commerce \u00e0 St-Gaudens un h\u00f4tel *** restaurant et Spa touristique de charme et de caract\u00e8re en Haute-Garonne Midi Pyr\u00e9n\u00e9es. R\u00e9servez une chambre\" \/>\n<meta name=\"robots\" content=\"index, follow, max-snippet:-1, max-image-preview:large, max-video-preview:-1\" \/>\n<link rel=\"canonical\" href=\"https:\/\/www.commerce31.com\/new\/contact\/\" \/>\n<meta property=\"og:locale\" content=\"fr_FR\" \/>\n<meta property=\"og:type\" content=\"article\" \/>\n<meta property=\"og:title\" content=\"Contact - Hotel du Commerce Restaurant Hotel Saint Gaudens Hotel Pyr\u00e9n\u00e9es\" \/>\n<meta property=\"og:description\" content=\"L\u2019h\u00f4tel du commerce \u00e0 St-Gaudens un h\u00f4tel *** restaurant et Spa touristique de charme et de caract\u00e8re en Haute-Garonne Midi Pyr\u00e9n\u00e9es. R\u00e9servez une chambre\" \/>\n<meta property=\"og:url\" content=\"https:\/\/www.commerce31.com\/new\/contact\/\" \/>\n<meta property=\"og:site_name\" content=\"Hotel du Commerce Restaurant Hotel Saint Gaudens Hotel Pyr\u00e9n\u00e9es\" \/>\n<meta property=\"article:modified_time\" content=\"2020-02-13T09:50:56+00:00\" \/>\n<meta property=\"og:image\" content=\"https:\/\/www.commerce31.com\/new\/wp-content\/uploads\/2019\/04\/hotel3.jpg\" \/>\n\t<meta property=\"og:image:width\" content=\"1280\" \/>\n\t<meta property=\"og:image:height\" content=\"720\" \/>\n<meta name=\"twitter:card\" content=\"summary_large_image\" \/>\n<meta name=\"twitter:label1\" content=\"Dur\u00e9e de lecture estim\u00e9e\" \/>\n\t<meta name=\"twitter:data1\" content=\"1 minute\" \/>\n<script type=\"application\/ld+json\" class=\"yoast-schema-graph\">{\"@context\":\"https:\/\/schema.org\",\"@graph\":[{\"@type\":\"WebSite\",\"@id\":\"https:\/\/www.commerce31.com\/new\/#website\",\"url\":\"https:\/\/www.commerce31.com\/new\/\",\"name\":\"Hotel du Commerce Restaurant Hotel Saint Gaudens Hotel Pyr\\u00e9n\\u00e9es\",\"description\":\"L\\u2019hotel du commerce est un hotel touristique de charme et caractere en haute garonne midi pyrenees\",\"potentialAction\":[{\"@type\":\"SearchAction\",\"target\":{\"@type\":\"EntryPoint\",\"urlTemplate\":\"https:\/\/www.commerce31.com\/new\/?s={search_term_string}\"},\"query-input\":\"required name=search_term_string\"}],\"inLanguage\":\"fr-FR\"},{\"@type\":\"ImageObject\",\"@id\":\"https:\/\/www.commerce31.com\/new\/contact\/#primaryimage\",\"inLanguage\":\"fr-FR\",\"url\":\"https:\/\/www.commerce31.com\/new\/wp-content\/uploads\/2019\/04\/hotel3.jpg\",\"contentUrl\":\"https:\/\/www.commerce31.com\/new\/wp-content\/uploads\/2019\/04\/hotel3.jpg\",\"width\":1280,\"height\":720},{\"@type\":\"WebPage\",\"@id\":\"https:\/\/www.commerce31.com\/new\/contact\/#webpage\",\"url\":\"https:\/\/www.commerce31.com\/new\/contact\/\",\"name\":\"Contact - Hotel du Commerce Restaurant Hotel Saint Gaudens Hotel Pyr\\u00e9n\\u00e9es\",\"isPartOf\":{\"@id\":\"https:\/\/www.commerce31.com\/new\/#website\"},\"primaryImageOfPage\":{\"@id\":\"https:\/\/www.commerce31.com\/new\/contact\/#primaryimage\"},\"datePublished\":\"2015-08-22T10:58:46+00:00\",\"dateModified\":\"2020-02-13T09:50:56+00:00\",\"description\":\"L\\u2019h\\u00f4tel du commerce \\u00e0 St-Gaudens un h\\u00f4tel *** restaurant et Spa touristique de charme et de caract\\u00e8re en Haute-Garonne Midi Pyr\\u00e9n\\u00e9es. R\\u00e9servez une chambre\",\"breadcrumb\":{\"@id\":\"https:\/\/www.commerce31.com\/new\/contact\/#breadcrumb\"},\"inLanguage\":\"fr-FR\",\"potentialAction\":[{\"@type\":\"ReadAction\",\"target\":[\"https:\/\/www.commerce31.com\/new\/contact\/\"]}]},{\"@type\":\"BreadcrumbList\",\"@id\":\"https:\/\/www.commerce31.com\/new\/contact\/#breadcrumb\",\"itemListElement\":[{\"@type\":\"ListItem\",\"position\":1,\"name\":\"Accueil\",\"item\":\"https:\/\/www.commerce31.com\/new\/\"},{\"@type\":\"ListItem\",\"position\":2,\"name\":\"Contact\"}]}]}<\/script>\n<!-- \/ Yoast SEO plugin. -->","yoast_head_json":{"title":"Contact - Hotel du Commerce Restaurant Hotel Saint Gaudens Hotel Pyr\u00e9n\u00e9es","description":"L\u2019h\u00f4tel du commerce \u00e0 St-Gaudens un h\u00f4tel *** restaurant et Spa touristique de charme et de caract\u00e8re en Haute-Garonne Midi Pyr\u00e9n\u00e9es. R\u00e9servez une chambre","robots":{"index":"index","follow":"follow","max-snippet":"max-snippet:-1","max-image-preview":"max-image-preview:large","max-video-preview":"max-video-preview:-1"},"canonical":"https:\/\/www.commerce31.com\/new\/contact\/","og_locale":"fr_FR","og_type":"article","og_title":"Contact - Hotel du Commerce Restaurant Hotel Saint Gaudens Hotel Pyr\u00e9n\u00e9es","og_description":"L\u2019h\u00f4tel du commerce \u00e0 St-Gaudens un h\u00f4tel *** restaurant et Spa touristique de charme et de caract\u00e8re en Haute-Garonne Midi Pyr\u00e9n\u00e9es. R\u00e9servez une chambre","og_url":"https:\/\/www.commerce31.com\/new\/contact\/","og_site_name":"Hotel du Commerce Restaurant Hotel Saint Gaudens Hotel Pyr\u00e9n\u00e9es","article_modified_time":"2020-02-13T09:50:56+00:00","og_image":[{"width":1280,"height":720,"url":"https:\/\/www.commerce31.com\/new\/wp-content\/uploads\/2019\/04\/hotel3.jpg","path":"\/home\/commercerx\/www\/new\/wp-content\/uploads\/2019\/04\/hotel3.jpg","size":"full","id":5282,"alt":"","pixels":921600,"type":"image\/jpeg"}],"twitter_card":"summary_large_image","twitter_misc":{"Dur\u00e9e de lecture estim\u00e9e":"1 minute"},"schema":{"@context":"https:\/\/schema.org","@graph":[{"@type":"WebSite","@id":"https:\/\/www.commerce31.com\/new\/#website","url":"https:\/\/www.commerce31.com\/new\/","name":"Hotel du Commerce Restaurant Hotel Saint Gaudens Hotel Pyr\u00e9n\u00e9es","description":"L\u2019hotel du commerce est un hotel touristique de charme et caractere en haute garonne midi pyrenees","potentialAction":[{"@type":"SearchAction","target":{"@type":"EntryPoint","urlTemplate":"https:\/\/www.commerce31.com\/new\/?s={search_term_string}"},"query-input":"required name=search_term_string"}],"inLanguage":"fr-FR"},{"@type":"ImageObject","@id":"https:\/\/www.commerce31.com\/new\/contact\/#primaryimage","inLanguage":"fr-FR","url":"https:\/\/www.commerce31.com\/new\/wp-content\/uploads\/2019\/04\/hotel3.jpg","contentUrl":"https:\/\/www.commerce31.com\/new\/wp-content\/uploads\/2019\/04\/hotel3.jpg","width":1280,"height":720},{"@type":"WebPage","@id":"https:\/\/www.commerce31.com\/new\/contact\/#webpage","url":"https:\/\/www.commerce31.com\/new\/contact\/","name":"Contact - Hotel du Commerce Restaurant Hotel Saint Gaudens Hotel Pyr\u00e9n\u00e9es","isPartOf":{"@id":"https:\/\/www.commerce31.com\/new\/#website"},"primaryImageOfPage":{"@id":"https:\/\/www.commerce31.com\/new\/contact\/#primaryimage"},"datePublished":"2015-08-22T10:58:46+00:00","dateModified":"2020-02-13T09:50:56+00:00","description":"L\u2019h\u00f4tel du commerce \u00e0 St-Gaudens un h\u00f4tel *** restaurant et Spa touristique de charme et de caract\u00e8re en Haute-Garonne Midi Pyr\u00e9n\u00e9es. R\u00e9servez une chambre","breadcrumb":{"@id":"https:\/\/www.commerce31.com\/new\/contact\/#breadcrumb"},"inLanguage":"fr-FR","potentialAction":[{"@type":"ReadAction","target":["https:\/\/www.commerce31.com\/new\/contact\/"]}]},{"@type":"BreadcrumbList","@id":"https:\/\/www.commerce31.com\/new\/contact\/#breadcrumb","itemListElement":[{"@type":"ListItem","position":1,"name":"Accueil","item":"https:\/\/www.commerce31.com\/new\/"},{"@type":"ListItem","position":2,"name":"Contact"}]}]}},"_links":{"self":[{"href":"https:\/\/www.commerce31.com\/new\/wp-json\/wp\/v2\/pages\/106"}],"collection":[{"href":"https:\/\/www.commerce31.com\/new\/wp-json\/wp\/v2\/pages"}],"about":[{"href":"https:\/\/www.commerce31.com\/new\/wp-json\/wp\/v2\/types\/page"}],"author":[{"embeddable":true,"href":"https:\/\/www.commerce31.com\/new\/wp-json\/wp\/v2\/users\/2"}],"replies":[{"embeddable":true,"href":"https:\/\/www.commerce31.com\/new\/wp-json\/wp\/v2\/comments?post=106"}],"version-history":[{"count":23,"href":"https:\/\/www.commerce31.com\/new\/wp-json\/wp\/v2\/pages\/106\/revisions"}],"predecessor-version":[{"id":6098,"href":"https:\/\/www.commerce31.com\/new\/wp-json\/wp\/v2\/pages\/106\/revisions\/6098"}],"wp:featuredmedia":[{"embeddable":true,"href":"https:\/\/www.commerce31.com\/new\/wp-json\/wp\/v2\/media\/5282"}],"wp:attachment":[{"href":"https:\/\/www.commerce31.com\/new\/wp-json\/wp\/v2\/media?parent=106"}],"curies":[{"name":"wp","href":"https:\/\/api.w.org\/{rel}","templated":true}]}}