{"id":5693,"date":"2019-04-24T09:29:44","date_gmt":"2019-04-24T07:29:44","guid":{"rendered":"http:\/\/www.commerce31.com?page_id=5693"},"modified":"2026-04-07T07:55:51","modified_gmt":"2026-04-07T05:55:51","slug":"restaurant","status":"publish","type":"page","link":"https:\/\/www.commerce31.com\/new\/restaurant\/","title":{"rendered":"Restaurant"},"content":{"rendered":"<p>[vc_row full_width=\u00a0\u00bbstretch_row\u00a0\u00bb parallax=\u00a0\u00bbcontent-moving\u00a0\u00bb parallax_image=\u00a0\u00bb6017&Prime; enable_overlay=\u00a0\u00bbtrue\u00a0\u00bb bg_overlay=\u00a0\u00bbrgba(0,0,0,0.2)\u00a0\u00bb css=\u00a0\u00bb.vc_custom_1581542398553{padding-top: 150px !important;padding-bottom: 80px !important;}\u00a0\u00bb][vc_column]<div class=\"awe-special-heading text-center\" style=\"color:#ffffff;\"><h2 class=title>restaurant<\/h2><div class=\"awe-subheading below\"><p>Le grand Sud-Ouest est ici, qui rime avec gastronomie !<\/p><\/div><\/div>[\/vc_column][\/vc_row][vc_row][vc_column width=\u00a0\u00bb5\/6&Prime;]<div class=\"awe-special-heading text-left\"><h3 style=\"font-size:30px\" class=title>Voyage gourmand aux accents du terroir...<\/h3><\/div>[\/vc_column][vc_column width=\u00a0\u00bb1\/6&Prime;][vc_column_text size=\u00a0\u00bb0&Prime;]<\/p>\n<div class=\"tf-widget-button\" style=\"text-align: right;\"><a class=\"tf-button-link\" href=\"https:\/\/widget.thefork.com\/22ce3f36-4f20-4a84-a8c8-87f17467568d\" target=\"_blank\" rel=\"noopener\">R\u00e9server une table<\/a><\/div>\n<style>.tf-widget-button{opacity:1;-webkit-box-align:center;-ms-flex-align:center;align-items:center;border:1px solid;z-index:9999999;background-color:#fff;border-radius:4px;display:-webkit-box;display:-ms-flexbox;display:flex;height:42px;width:220px;border-color:hsl(174, 100%, 20%);color:hsl(174, 100%, 20%)}.tf-button-link{text-decoration:none;color:hsl(174, 100%, 20%);font-family:Raleway,sans-serif;font-size:1.1em;width:100%;text-align:center}.tf-button-link:hover{font-weight:700;background:none!important}<\/style>\n<p>[\/vc_column_text][\/vc_column][\/vc_row][vc_row][vc_column]<div class=\"awe-btn-container awe-btn-center\"><a class=\"awe-btn awe-btn-normal awe-btn-outline awe-btn-full\" href=\"https:\/\/www.commerce31.com\/new\/wp-content\/uploads\/2021\/01\/Le-Commerce-31800-Convention-de-service-de-restauration-collective-provisoire.pdf\" title=\"Convention de service de restauration collective provisoire\" style=\"color:;border-color:;\">T\u00e9l\u00e9charger la Convention de service de restauration collective provisoire<\/a><\/div>[vc_empty_space height=\u00a0\u00bb16px\u00a0\u00bb][\/vc_column][\/vc_row][vc_row][vc_column width=\u00a0\u00bb1\/2&Prime;][vc_column_text size=\u00a0\u00bb0&Prime;]<\/p>\n<p class=\"paragraphe\"><strong>Le grand Sud-Ouest est ici, qui rime avec gastronomie !<\/strong><\/p>\n<p class=\"paragraphe\">Entre Garonne et Pyr\u00e9n\u00e9es, entre campagne et montagne, toutes les saisons apportent leurs \u00e9motions. La cuisine du chef, inspir\u00e9e des traditions les plus gourmandes, propose des plats typiques de la r\u00e9gion comme le foie gras de canard po\u00eal\u00e9 ou le cassoulet Commingeois ainsi que des recettes plus in\u00e9dites comme le g\u00e2teau russe et sa glace \u00e0 la violette sauvage. Le tout est \u00e0 savourer dans le d\u00e9cor cosy et \u00e9l\u00e9gant de la salle de restaurant. En harmonie, une belle carte des vins.<\/p>\n<p>[\/vc_column_text][vc_single_image image=\u00a0\u00bb6008&Prime; img_size=\u00a0\u00bbfull\u00a0\u00bb][\/vc_column][vc_column width=\u00a0\u00bb1\/2&Prime;][vc_single_image image=\u00a0\u00bb6606&Prime; img_size=\u00a0\u00bbfull\u00a0\u00bb alignment=\u00a0\u00bbcenter\u00a0\u00bb][vc_empty_space height=\u00a0\u00bb16px\u00a0\u00bb]<div class=\"awe-btn-container awe-btn-center\"><a class=\"awe-btn awe-btn-large awe-btn-outline awe-btn-full\" href=\"https:\/\/www.commerce31.com\/new\/wp-content\/uploads\/2025\/08\/MENU-CARTE-sept-2025-.pdf\" title=\"Menu et carte 2025\" style=\"color:;border-color:;\">T\u00e9l\u00e9charger menus et carte 2025<\/a><\/div>[vc_empty_space height=\u00a0\u00bb16px\u00a0\u00bb][vc_empty_space height=\u00a0\u00bb16px\u00a0\u00bb][vc_images_carousel images=\u00a0\u00bb5996,5998,6000,6002,6004,6006&Prime; img_size=\u00a0\u00bbfull\u00a0\u00bb autoplay=\u00a0\u00bbyes\u00a0\u00bb wrap=\u00a0\u00bbyes\u00a0\u00bb][vc_empty_space height=\u00a0\u00bb16px\u00a0\u00bb][\/vc_column][\/vc_row][vc_row][vc_column width=\u00a0\u00bb1\/5&Prime;][\/vc_column][vc_column width=\u00a0\u00bb1\/5&Prime;][vc_single_image image=\u00a0\u00bb6574&Prime; img_size=\u00a0\u00bbmedium\u00a0\u00bb alignment=\u00a0\u00bbcenter\u00a0\u00bb onclick=\u00a0\u00bbcustom_link\u00a0\u00bb img_link_target=\u00a0\u00bb_blank\u00a0\u00bb link=\u00a0\u00bbhttps:\/\/www.tables-auberges.com\u00a0\u00bb][\/vc_column][vc_column width=\u00a0\u00bb1\/5&Prime;][vc_single_image image=\u00a0\u00bb6576&Prime; img_size=\u00a0\u00bbmedium\u00a0\u00bb alignment=\u00a0\u00bbcenter\u00a0\u00bb onclick=\u00a0\u00bbcustom_link\u00a0\u00bb img_link_target=\u00a0\u00bb_blank\u00a0\u00bb link=\u00a0\u00bbhttps:\/\/www.tables-auberges.com\u00a0\u00bb][\/vc_column][vc_column width=\u00a0\u00bb1\/5&Prime;][vc_single_image image=\u00a0\u00bb6578&Prime; img_size=\u00a0\u00bbmedium\u00a0\u00bb alignment=\u00a0\u00bbcenter\u00a0\u00bb onclick=\u00a0\u00bbcustom_link\u00a0\u00bb img_link_target=\u00a0\u00bb_blank\u00a0\u00bb link=\u00a0\u00bbhttps:\/\/www.tables-auberges.com\u00a0\u00bb][\/vc_column][vc_column width=\u00a0\u00bb1\/5&Prime;][\/vc_column][\/vc_row][vc_row][vc_column][vc_tta_tabs active_section=\u00a0\u00bb1&Prime; el_class=\u00a0\u00bbtabs-restaurant\u00a0\u00bb][vc_tta_section title=\u00a0\u00bbPetit d\u00e9jeuner\u00a0\u00bb tab_id=\u00a0\u00bb1440404606037-e6582154-8977&Prime; subtitle=\u00a0\u00bbde 6:30 \u00e0 10:30&Prime;][\/vc_tta_section][vc_tta_section title=\u00a0\u00bbD\u00e9jeuner\u00a0\u00bb tab_id=\u00a0\u00bb1442158446922-d458561a-5597&Prime; subtitle=\u00a0\u00bbde 12:00 \u00e0 13:30&Prime;][\/vc_tta_section][vc_tta_section title=\u00a0\u00bbD\u00eener\u00a0\u00bb tab_id=\u00a0\u00bb1442158462773-930871d9-69b1&Prime; subtitle=\u00a0\u00bbde 19:00 \u00e0 21:30&Prime;][\/vc_tta_section][\/vc_tta_tabs][vc_single_image image=\u00a0\u00bb6117&Prime; img_size=\u00a0\u00bbfull\u00a0\u00bb alignment=\u00a0\u00bbcenter\u00a0\u00bb][\/vc_column][\/vc_row][vc_row full_width=\u00a0\u00bbstretch_row_content\u00a0\u00bb][vc_column][vc_empty_space height=\u00a0\u00bb50&Prime;][\/vc_column][\/vc_row][vc_row full_width=\u00a0\u00bbstretch_row_content\u00a0\u00bb parallax=\u00a0\u00bbcontent-moving\u00a0\u00bb parallax_image=\u00a0\u00bb6023&Prime; enable_overlay=\u00a0\u00bb\u00a0\u00bb][vc_column width=\u00a0\u00bb1\/3&Prime;][\/vc_column][vc_column width=\u00a0\u00bb1\/3&Prime;][vc_column_text size=\u00a0\u00bb0&Prime;]<div class=\"video\"><span class=\"embed-responsive embed-responsive-16by9\"><iframe loading=\"lazy\" src=\"https:\/\/player.vimeo.com\/video\/329321680\" width=\"100%\" height=\"564\" frameborder=\"0\" allowfullscreen=\"allowfullscreen\"><\/iframe><\/span><\/div>[\/vc_column_text][\/vc_column][vc_column width=\u00a0\u00bb1\/3&Prime;][\/vc_column][\/vc_row]<\/p>\n","protected":false},"excerpt":{"rendered":"<p>[vc_row full_width=\u00a0\u00bbstretch_row\u00a0\u00bb parallax=\u00a0\u00bbcontent-moving\u00a0\u00bb parallax_image=\u00a0\u00bb6017&Prime; enable_overlay=\u00a0\u00bbtrue\u00a0\u00bb bg_overlay=\u00a0\u00bbrgba(0,0,0,0.2)\u00a0\u00bb css=\u00a0\u00bb.vc_custom_1581542398553{padding-top: 150px !important;padding-bottom: 80px !important;}\u00a0\u00bb][vc_column][\/vc_column][\/vc_row][vc_row][vc_column width=\u00a0\u00bb5\/6&Prime;][\/vc_column][vc_column width=\u00a0\u00bb1\/6&Prime;][vc_column_text size=\u00a0\u00bb0&Prime;] R\u00e9server une table [\/vc_column_text][\/vc_column][\/vc_row][vc_row][vc_column][vc_empty_space height=\u00a0\u00bb16px\u00a0\u00bb][\/vc_column][\/vc_row][vc_row][vc_column width=\u00a0\u00bb1\/2&Prime;][vc_column_text size=\u00a0\u00bb0&Prime;] Le grand Sud-Ouest est ici, qui rime avec gastronomie ! Entre Garonne et Pyr\u00e9n\u00e9es, entre campagne et montagne, toutes les saisons apportent leurs \u00e9motions. La cuisine du chef, inspir\u00e9e des traditions les plus gourmandes,&#8230;<\/p>\n","protected":false},"author":1,"featured_media":5301,"parent":0,"menu_order":0,"comment_status":"closed","ping_status":"closed","template":"","meta":[],"yoast_head":"<!-- This site is optimized with the Yoast SEO plugin v17.2.1 - https:\/\/yoast.com\/wordpress\/plugins\/seo\/ -->\n<title>Restaurant - Hotel du Commerce Restaurant Hotel Saint Gaudens Hotel Pyr\u00e9n\u00e9es<\/title>\n<meta name=\"description\" content=\"L\u2019h\u00f4tel du commerce \u00e0 St-Gaudens un h\u00f4tel *** restaurant et Spa touristique de charme et de caract\u00e8re en Haute-Garonne Midi Pyr\u00e9n\u00e9es. R\u00e9servez une chambre\" \/>\n<meta name=\"robots\" content=\"index, follow, max-snippet:-1, max-image-preview:large, max-video-preview:-1\" \/>\n<link rel=\"canonical\" href=\"https:\/\/www.commerce31.com\/new\/restaurant\/\" \/>\n<meta property=\"og:locale\" content=\"fr_FR\" \/>\n<meta property=\"og:type\" content=\"article\" \/>\n<meta property=\"og:title\" content=\"Restaurant - Hotel du Commerce Restaurant Hotel Saint Gaudens Hotel Pyr\u00e9n\u00e9es\" \/>\n<meta property=\"og:description\" content=\"L\u2019h\u00f4tel du commerce \u00e0 St-Gaudens un h\u00f4tel *** restaurant et Spa touristique de charme et de caract\u00e8re en Haute-Garonne Midi Pyr\u00e9n\u00e9es. R\u00e9servez une chambre\" \/>\n<meta property=\"og:url\" content=\"https:\/\/www.commerce31.com\/new\/restaurant\/\" \/>\n<meta property=\"og:site_name\" content=\"Hotel du Commerce Restaurant Hotel Saint Gaudens Hotel Pyr\u00e9n\u00e9es\" \/>\n<meta property=\"article:modified_time\" content=\"2026-04-07T05:55:51+00:00\" \/>\n<meta property=\"og:image\" content=\"https:\/\/www.commerce31.com\/new\/wp-content\/uploads\/2019\/04\/restaurant7.jpg\" \/>\n\t<meta property=\"og:image:width\" content=\"1280\" \/>\n\t<meta property=\"og:image:height\" content=\"720\" \/>\n<meta name=\"twitter:card\" content=\"summary_large_image\" \/>\n<meta name=\"twitter:label1\" content=\"Dur\u00e9e de lecture estim\u00e9e\" \/>\n\t<meta name=\"twitter:data1\" content=\"2 minutes\" \/>\n<script type=\"application\/ld+json\" class=\"yoast-schema-graph\">{\"@context\":\"https:\/\/schema.org\",\"@graph\":[{\"@type\":\"WebSite\",\"@id\":\"https:\/\/www.commerce31.com\/new\/#website\",\"url\":\"https:\/\/www.commerce31.com\/new\/\",\"name\":\"Hotel du Commerce Restaurant Hotel Saint Gaudens Hotel Pyr\\u00e9n\\u00e9es\",\"description\":\"L\\u2019hotel du commerce est un hotel touristique de charme et caractere en haute garonne midi pyrenees\",\"potentialAction\":[{\"@type\":\"SearchAction\",\"target\":{\"@type\":\"EntryPoint\",\"urlTemplate\":\"https:\/\/www.commerce31.com\/new\/?s={search_term_string}\"},\"query-input\":\"required name=search_term_string\"}],\"inLanguage\":\"fr-FR\"},{\"@type\":\"ImageObject\",\"@id\":\"https:\/\/www.commerce31.com\/new\/restaurant\/#primaryimage\",\"inLanguage\":\"fr-FR\",\"url\":\"https:\/\/www.commerce31.com\/new\/wp-content\/uploads\/2019\/04\/restaurant7.jpg\",\"contentUrl\":\"https:\/\/www.commerce31.com\/new\/wp-content\/uploads\/2019\/04\/restaurant7.jpg\",\"width\":1280,\"height\":720},{\"@type\":\"WebPage\",\"@id\":\"https:\/\/www.commerce31.com\/new\/restaurant\/#webpage\",\"url\":\"https:\/\/www.commerce31.com\/new\/restaurant\/\",\"name\":\"Restaurant - Hotel du Commerce Restaurant Hotel Saint Gaudens Hotel Pyr\\u00e9n\\u00e9es\",\"isPartOf\":{\"@id\":\"https:\/\/www.commerce31.com\/new\/#website\"},\"primaryImageOfPage\":{\"@id\":\"https:\/\/www.commerce31.com\/new\/restaurant\/#primaryimage\"},\"datePublished\":\"2019-04-24T07:29:44+00:00\",\"dateModified\":\"2026-04-07T05:55:51+00:00\",\"description\":\"L\\u2019h\\u00f4tel du commerce \\u00e0 St-Gaudens un h\\u00f4tel *** restaurant et Spa touristique de charme et de caract\\u00e8re en Haute-Garonne Midi Pyr\\u00e9n\\u00e9es. R\\u00e9servez une chambre\",\"breadcrumb\":{\"@id\":\"https:\/\/www.commerce31.com\/new\/restaurant\/#breadcrumb\"},\"inLanguage\":\"fr-FR\",\"potentialAction\":[{\"@type\":\"ReadAction\",\"target\":[\"https:\/\/www.commerce31.com\/new\/restaurant\/\"]}]},{\"@type\":\"BreadcrumbList\",\"@id\":\"https:\/\/www.commerce31.com\/new\/restaurant\/#breadcrumb\",\"itemListElement\":[{\"@type\":\"ListItem\",\"position\":1,\"name\":\"Accueil\",\"item\":\"https:\/\/www.commerce31.com\/new\/\"},{\"@type\":\"ListItem\",\"position\":2,\"name\":\"Restaurant\"}]}]}<\/script>\n<!-- \/ Yoast SEO plugin. -->","yoast_head_json":{"title":"Restaurant - Hotel du Commerce Restaurant Hotel Saint Gaudens Hotel Pyr\u00e9n\u00e9es","description":"L\u2019h\u00f4tel du commerce \u00e0 St-Gaudens un h\u00f4tel *** restaurant et Spa touristique de charme et de caract\u00e8re en Haute-Garonne Midi Pyr\u00e9n\u00e9es. R\u00e9servez une chambre","robots":{"index":"index","follow":"follow","max-snippet":"max-snippet:-1","max-image-preview":"max-image-preview:large","max-video-preview":"max-video-preview:-1"},"canonical":"https:\/\/www.commerce31.com\/new\/restaurant\/","og_locale":"fr_FR","og_type":"article","og_title":"Restaurant - Hotel du Commerce Restaurant Hotel Saint Gaudens Hotel Pyr\u00e9n\u00e9es","og_description":"L\u2019h\u00f4tel du commerce \u00e0 St-Gaudens un h\u00f4tel *** restaurant et Spa touristique de charme et de caract\u00e8re en Haute-Garonne Midi Pyr\u00e9n\u00e9es. R\u00e9servez une chambre","og_url":"https:\/\/www.commerce31.com\/new\/restaurant\/","og_site_name":"Hotel du Commerce Restaurant Hotel Saint Gaudens Hotel Pyr\u00e9n\u00e9es","article_modified_time":"2026-04-07T05:55:51+00:00","og_image":[{"width":1280,"height":720,"url":"https:\/\/www.commerce31.com\/new\/wp-content\/uploads\/2019\/04\/restaurant7.jpg","path":"\/home\/commercerx\/www\/new\/wp-content\/uploads\/2019\/04\/restaurant7.jpg","size":"full","id":5301,"alt":"","pixels":921600,"type":"image\/jpeg"}],"twitter_card":"summary_large_image","twitter_misc":{"Dur\u00e9e de lecture estim\u00e9e":"2 minutes"},"schema":{"@context":"https:\/\/schema.org","@graph":[{"@type":"WebSite","@id":"https:\/\/www.commerce31.com\/new\/#website","url":"https:\/\/www.commerce31.com\/new\/","name":"Hotel du Commerce Restaurant Hotel Saint Gaudens Hotel Pyr\u00e9n\u00e9es","description":"L\u2019hotel du commerce est un hotel touristique de charme et caractere en haute garonne midi pyrenees","potentialAction":[{"@type":"SearchAction","target":{"@type":"EntryPoint","urlTemplate":"https:\/\/www.commerce31.com\/new\/?s={search_term_string}"},"query-input":"required name=search_term_string"}],"inLanguage":"fr-FR"},{"@type":"ImageObject","@id":"https:\/\/www.commerce31.com\/new\/restaurant\/#primaryimage","inLanguage":"fr-FR","url":"https:\/\/www.commerce31.com\/new\/wp-content\/uploads\/2019\/04\/restaurant7.jpg","contentUrl":"https:\/\/www.commerce31.com\/new\/wp-content\/uploads\/2019\/04\/restaurant7.jpg","width":1280,"height":720},{"@type":"WebPage","@id":"https:\/\/www.commerce31.com\/new\/restaurant\/#webpage","url":"https:\/\/www.commerce31.com\/new\/restaurant\/","name":"Restaurant - Hotel du Commerce Restaurant Hotel Saint Gaudens Hotel Pyr\u00e9n\u00e9es","isPartOf":{"@id":"https:\/\/www.commerce31.com\/new\/#website"},"primaryImageOfPage":{"@id":"https:\/\/www.commerce31.com\/new\/restaurant\/#primaryimage"},"datePublished":"2019-04-24T07:29:44+00:00","dateModified":"2026-04-07T05:55:51+00:00","description":"L\u2019h\u00f4tel du commerce \u00e0 St-Gaudens un h\u00f4tel *** restaurant et Spa touristique de charme et de caract\u00e8re en Haute-Garonne Midi Pyr\u00e9n\u00e9es. R\u00e9servez une chambre","breadcrumb":{"@id":"https:\/\/www.commerce31.com\/new\/restaurant\/#breadcrumb"},"inLanguage":"fr-FR","potentialAction":[{"@type":"ReadAction","target":["https:\/\/www.commerce31.com\/new\/restaurant\/"]}]},{"@type":"BreadcrumbList","@id":"https:\/\/www.commerce31.com\/new\/restaurant\/#breadcrumb","itemListElement":[{"@type":"ListItem","position":1,"name":"Accueil","item":"https:\/\/www.commerce31.com\/new\/"},{"@type":"ListItem","position":2,"name":"Restaurant"}]}]}},"_links":{"self":[{"href":"https:\/\/www.commerce31.com\/new\/wp-json\/wp\/v2\/pages\/5693"}],"collection":[{"href":"https:\/\/www.commerce31.com\/new\/wp-json\/wp\/v2\/pages"}],"about":[{"href":"https:\/\/www.commerce31.com\/new\/wp-json\/wp\/v2\/types\/page"}],"author":[{"embeddable":true,"href":"https:\/\/www.commerce31.com\/new\/wp-json\/wp\/v2\/users\/1"}],"replies":[{"embeddable":true,"href":"https:\/\/www.commerce31.com\/new\/wp-json\/wp\/v2\/comments?post=5693"}],"version-history":[{"count":53,"href":"https:\/\/www.commerce31.com\/new\/wp-json\/wp\/v2\/pages\/5693\/revisions"}],"predecessor-version":[{"id":6627,"href":"https:\/\/www.commerce31.com\/new\/wp-json\/wp\/v2\/pages\/5693\/revisions\/6627"}],"wp:featuredmedia":[{"embeddable":true,"href":"https:\/\/www.commerce31.com\/new\/wp-json\/wp\/v2\/media\/5301"}],"wp:attachment":[{"href":"https:\/\/www.commerce31.com\/new\/wp-json\/wp\/v2\/media?parent=5693"}],"curies":[{"name":"wp","href":"https:\/\/api.w.org\/{rel}","templated":true}]}}